 j and 1?
1
Suppose -2*k + m - 7 - 30 = 0, 5*k + 2*m + 70 = 0. Let p be (25/2)/((-4)/k). Calculate the greatest common factor of 10 and p.
10
Let u(y) = y + 12. Let g(k) = 2*k**3 - k. Let s be g(-1). Let h be (0 + -1)*(s + 1). Let v be u(h). What is the greatest common factor of v and 96?
12
Let v(t) = 42*t. Let l be v(1). Let u = l + -20. What is the greatest common divisor of 22 and u?
22
Suppose 3*d - 48 + 15 = 0. Let u = d - 5. What is the greatest common divisor of u and 9?
3
Let v be ((-2 - -1)*0)/2. Suppose 4*p + 5*t = 2*t + 24, 3*t = v. Let c(z) = 5*z - 3. Let s be c(3). Calculate the highest common factor of p and s.
6
Let h be (-9 - 1)*(-6)/12. Let l = h + -4. Let s be (4/8)/(l/10). Calculate the greatest common divisor of s and 5.
5
Let w(m) = -m**2 - 7*m + 10. Let b be w(-7). Suppose t - 3*t = -b. What is the highest common divisor of t and 20?
5
Suppose -i = 2*i - q - 48, -3*q - 64 = -4*i. What is the greatest common factor of 48 and i?
16
Let l = -12 - -27. Let q = -9 + l. Calculate the highest common divisor of q and 15.
3
Let a = -11 - -15. Suppose -45 = -3*s - a*q, -2*s - s = 2*q - 45. What is the greatest common divisor of s and 135?
15
Suppose -5*a + 49 = -2*q - 1, -2*a - 5*q + 20 = 0. Calculate the greatest common divisor of a and 80.
10
Let u(n) = n**3 + 7*n**2 + 7*n + 6. Let v be u(-6). Suppose -6*q + 3*q + 48 = v. Suppose -2*g - 14 = -9*g. What is the greatest common divisor of g and q?
2
Suppose -3*q + 2 + 1 = 0. Let v be (2 + q)/((-3)/(-18)). Calculate the highest common divisor of v and 12.
6
Let g = -37 - -56. Suppose -h = -2*h + a + g, -2*h + 3*a = -37. Let y = 40 - h. Calculate the highest common divisor of y and 80.
20
Let s be 2*6*2/8. Let u(q) = 1 + s - 2*q - 3*q**2 + 6*q**2. Let y be u(8). What is the highest common factor of y and 18?
18
Let v = -18 - 10. Suppose 11 = -4*o + 3. Let c be v*(-2)/(-8)*o. Calculate the highest common divisor of 42 and c.
14
Let p(b) = 31*b - 22. Let w be p(10). What is the greatest common factor of w and 36?
36
Let a(u) = 15*u**3 - u**2 + 1. Suppose -2*o + 2*m - 8 = 0, -2*o = -m - 2 + 5. Let n be a(o). Calculate the greatest common divisor of n and 15.
15
Let y be (-91)/2*2/1. Let n = -49 - y. What is the highest common factor of 7 and n?
7
Suppose 22 = -2*f + 6. Let t = -8 - f. Suppose t*p - 34 = -2*p. What is the highest common factor of p and 17?
17
Let o = 155 + -85. Calculate the highest common divisor of 14 and o.
14
Let a(w) = -2*w + 6. Let n be a(-3). Suppose -5*k = -0*k. Let x = 3 - k. What is the greatest common divisor of n and x?
3
Suppose 162 = -d + 595. Let c = -263 + d. Suppose 4*w - c - 230 = 0. Calculate the highest common divisor of w and 20.
20
Suppose 2*q - 2*v - 1290 = 0, 2*q + 775 - 2051 = -5*v. Let l = 947 - q. Suppose -l + 70 = -2*i. Calculate the highest common divisor of 13 and i.
13
Let o = 19 - 14. Calculate the greatest common divisor of o and 1.
1
Let k be (-4)/(-6) - 1241/(-51). Calculate the greatest common divisor of 10 and k.
5
Suppose -4*h - 2*w - 70 = -7*h, 0 = -h + 5*w + 32. Suppose 0*r = 2*r - h. What is the highest common factor of 1 and r?
1
Let l be 0 - -1*(-3 - -2). Let h(x) = 15*x - 1. Let u be h(l). Let p = 26 + u. What is the greatest common divisor of 10 and p?
10
Suppose 8 = 2*r + 18. Let p = 0 - r. Let u(v) = v**2 - 2*v - 6. Let f be u(p). What is the highest common factor of 36 and f?
9
Suppose -a + 275 = 3*a + o, 4*o = 4*a - 300. Let q be -2*3/2*63/(-27). What is the greatest common factor of q and a?
7
Let w = 139 - 94. Let j(y) = 4*y**3 - y**2 + y. Let b be j(2). What is the greatest common divisor of b and w?
15
Let k = -9 + 36. Suppose 0 = 3*h + h - 12. Calculate the highest common factor of h and k.
3
Let f(b) = b**3 + 6*b**2 + 2*b - 3. Let z be f(-6). Let y be (-4)/3*z/10. Let m be (0 + 1 - y)*-17. Calculate the highest common factor of 68 and m.
17
Let b be 272/64 + 1/(-4). Calculate the highest common divisor of b and 20.
4
Let z = -3 - -5. Let a be z/(12/33)*12. What is the greatest common factor of a and 6?
6
Suppose 46 = 2*w - y, -2*w + 4*y + 50 = 2*y. Suppose 4*o = 2*t - 28, -4*t + 51 = 3*o - 5. What is the highest common factor of w and t?
7
Let f be (60/50)/(3/10). Calculate the greatest common divisor of f and 36.
4
Let j(t) = 21*t**2 + 2*t. Suppose -2*u + 9 = -h, -4*u + 3*h = 7 - 30. Let z be j(u). What is the greatest common factor of 8 and z?
8
Suppose -2*h = h - 60. Calculate the highest common factor of 60 and h.
20
Suppose 0*u - 50 = -5*u. Suppose -4*a - 12 = -0*w - 4*w, -w - 2*a = -6. What is the highest common factor of u and w?
2
Let l(x) = x**3 + 2*x**2 + 2*x. Let t be l(4). What is the greatest common factor of t and 13?
13
Suppose 2*k - 5*k = -90. Let v be 6/9 + 68/6. What is the greatest common factor of k and v?
6
Let z(y) = 3*y**2 - y + 7. Let m be z(-5). Suppose 45 = b + 4*s, -b + 5*s - 1 + 10 = 0. Calculate the greatest common divisor of b and m.
29
Let w be (2 + -2)*2/4. Suppose -8 = -4*d - w. Suppose 3*k - 4*n = 408, -544 = -3*k - k - d*n. What is the highest common divisor of k and 17?
17
Let w(o) = o**3 - o**2 + 3*o - 3. Let j be w(2). Calculate the greatest common divisor of j and 21.
7
Suppose 0 = x + x + 4*w + 4, -23 = -2*x + 5*w. Suppose 130 = x*j - 442. Calculate the highest common divisor of 13 and j.
13
Suppose -l + 12 = 2*l. Suppose p = 3*i + 98, -l*p - i = -314 - 130. Let s(f) = 3*f + 1. Let w be s(3). Calculate the highest common factor of p and w.
10
Let f = 107 + -77. What is the highest common divisor of f and 270?
30
Suppose 20 - 80 = -3*o. Suppose 5*v + 0*y - 85 = 4*y, -4*v = -3*y - 68. Let i be v/3 + 12/(-18). Calculate the highest common divisor of i and o.
5
Let o(w) = 2*w + 5. Let b be o(4). What is the highest common factor of b and 26?
13
Let v = 17 + 15. Let c(r) = -5*r**3 + 2*r + 1. Suppose 3*h + 4 = -h. Let w be c(h). Calculate the greatest common divisor of w and v.
4
Let h(n) = -n**3 - 2*n**2 + 4*n + 6. Let p be h(-6). What is the highest common factor of 18 and p?
18
Let k(t) = t**3 + 3*t**2 + t + 2. Let u be k(-2). Suppose -u = -4*l, 3*l + l = 5*y - 96. Calculate the highest common factor of 220 and y.
20
Let q be -13*(-4 - 8) - 2. Calculate the highest common factor of 14 and q.
14
Let b = -85 + 93. Calculate the highest common divisor of b and 40.
8
Suppose 67 + 87 = d. Let j(v) = v**2 - v + 2. Let r be j(-3). Calculate the greatest common divisor of d and r.
14
Let q(r) = -21*r + 1. Let a be q(-1). Let s be 5/(-5) + 12/4. What is the greatest common factor of a and s?
2
Let f(c) = -c**3 - 9*c**2 + 4*c - 5. Let d be f(-10). Let h(m) = 3*m - 4. Let b be h(5). Calculate the greatest common divisor of b and d.
11
Let i(n) = -2*n**3 - 2*n**2 - 4*n - 3. Let z be i(-2). Let c be 621/7 - 12/(-42). Let g = c - 50. Calculate the greatest common divisor of g and z.
13
Let b(j) = -2*j + 3. Let s be b(3). Let m be s + 1 + 1 + 23. Calculate the highest common divisor of m and 2.
2
Suppose -2*t - 3*c + 15 = 0, 2*t - 3*t - 3*c + 6 = 0. What is the highest common divisor of 99 and t?
9
Let n = 5 - 11. Let p(o) = -o**3 + 6*o**2 - 4*o + 2. Let l be p(5). Let j = n + l. Calculate the greatest common factor of j and 4.
1
Let x(d) = -d**3 - 8*d**2 - 3*d - 8. Let q be x(-8). Let j = 24 - q. What is the highest common factor of j and 72?
8
Let d = -2 + 9. Let w = -32 + 95. Calculate the highest common divisor of w and d.
7
Let n(s) = -s**3 - 11*s**2 - 10*s + 15. Let j be n(-10). Let y be (-3)/(-12) + 479/4. What is the highest common divisor of y and j?
15
Suppose -9*u + 3*u = -132. What is the highest common divisor of 121 and u?
11
Suppose k + 5*x = 21, 42 = 3*k - 2*x - 21. Suppose k = -2*p + 5*p. Let n = p + 1. Calculate the highest common factor of 12 and n.
4
Let s(r) = r**3 - 5*r**2 - 15*r + 3. Let h be s(8). Calculate the highest common factor of h and 25.
25
Let i(h) = -7*h + 3. Let j(l) = -l - 1. Let s(z) = -i(z) + 6*j(z). Let g be s(6). Let d = 8 + g. Calculate the greatest common factor of 20 and d.
5
Let b be (-3)/((-28)/(-40) - 1). What is the highest common divisor of 5 and b?
5
Suppose -210 = -5*p - 2*a, 4*p - 113 = 2*p + 5*a. What is the greatest common factor of p and 110?
22
Let b(y) = -12*y. Let k(g) = -g**2 - 3*g + 2. Let i be k(-3). Suppose 8 = -3*q + i. Let j be 